{"id":373,"date":"2022-10-27T20:56:40","date_gmt":"2022-10-27T17:56:40","guid":{"rendered":"http:\/\/utamer.org\/?page_id=373"},"modified":"2022-10-27T20:56:42","modified_gmt":"2022-10-27T17:56:42","slug":"balkan-haberleri","status":"publish","type":"page","link":"http:\/\/utamer.org\/index.php\/balkan-haberleri\/","title":{"rendered":"Balkan Haberleri"},"content":{"rendered":"\n<p>Balkanlardan haberler ba\u015fl\u0131kl\u0131 bu haftal\u0131k s\u00fcreli yay\u0131n, Trakya \u00dcniversitesi Balkan Ara\u015ft\u0131rmalar\u0131 Enstit\u00fcs\u00fc ile yap\u0131lan i\u015fbirli\u011fi \u00e7er\u00e7evesinde siz okurlar\u0131m\u0131za sunulmaktad\u0131r. Balkanlarda yer alan \u00fclkelerin bas\u0131n yay\u0131n organlar\u0131ndan takip edilecek olan bu b\u00f6l\u00fcmde ilgili \u00fclkelerin g\u00fcndemlerindeki geli\u015fmelerden T\u00fcrkiye Cumhuriyeti vatanda\u015flar\u0131n\u0131n haberdar olmas\u0131 hedeflenmektedir.<\/p>\n\n\n\n<ul class=\"wp-block-list\"><li><a href=\"https:\/\/balkanraporu.trakya.edu.tr\/news\/yunanistan--disisleri-bakani-nin-ziyaretinde-ukrayna-ile-dayanismayi-yeniden-teyit-etti\">Yunanistan, D\u0131\u015fi\u015fleri Bakan\u0131\u2019n\u0131n ziyaretinde Ukrayna ile dayan\u0131\u015fmay\u0131 yeniden teyit etti<\/a> <strong>19.10.2022<\/strong><\/li><li><a href=\"https:\/\/balkanraporu.trakya.edu.tr\/news\/osmani-escobar-ile-gorustu\">Osmani Escobar ile g\u00f6r\u00fc\u015ft\u00fc<\/a> <strong>19.10.2022<\/strong><\/li><li><a href=\"https:\/\/balkanraporu.trakya.edu.tr\/news\/bosna-hersek-in-ilk-cumhurbaskani-aliya-izzetbegovic--19-yil-once-bugun-vefat-etti\">Bosna-Hersek\u2019in ilk Cumhurba\u015fkan\u0131 Aliya \u0130zzetbegovi\u00e7, 19 y\u0131l \u00f6nce bug\u00fcn vefat etti<\/a> <strong>19.10.2022<\/strong><\/li><li><a href=\"https:\/\/balkanraporu.trakya.edu.tr\/news\/rusya-disisleri-bakan-yardimcisi---sirbistan-yaptirimlar-getirirse-hayal-kirikligina-ugrariz\">Rusya D\u0131\u015fi\u015fleri Bakan Yard\u0131mc\u0131s\u0131: \u201cS\u0131rbistan yapt\u0131r\u0131mlar getirirse hayal k\u0131r\u0131kl\u0131\u011f\u0131na u\u011frar\u0131z\u201d<\/a> <strong>18.10.2022<\/strong><\/li><li><a href=\"https:\/\/balkanraporu.trakya.edu.tr\/news\/plenkovi---hirvatistan-ukrayna-nin-yaninda--krizin-tek-sorumlusu-rusya\">Plenkovi\u0107: \u201cH\u0131rvatistan Ukrayna&#8217;n\u0131n yan\u0131nda, krizin tek sorumlusu Rusya\u201d<\/a><strong>18.10.2022<\/strong><\/li><li><a href=\"https:\/\/balkanraporu.trakya.edu.tr\/news\/bulgaristan-ve-romanya--ab-deki-en-olumcul-yollara-sahip-ulkeler\">Bulgaristan ve Romanya, AB\u2019deki en \u00f6l\u00fcmc\u00fcl yollara sahip \u00fclkeler<\/a> <strong>18.10.2022<\/strong><\/li><li><a href=\"https:\/\/balkanraporu.trakya.edu.tr\/news\/be-irovi---turkiye--bosna-hersek-in-onemli-bir-dis-politika-ortagidir\">Be\u0107irovi\u0107: \u201cT\u00fcrkiye, Bosna Hersek&#8217;in \u00f6nemli bir d\u0131\u015f politika orta\u011f\u0131d\u0131r\u201d<\/a> <strong>18.10.2022<\/strong><\/li><li><a href=\"https:\/\/balkanraporu.trakya.edu.tr\/news\/papandreou--deutsche-welle-ye-konustu--cozumleri-sadece-diplomasi-saglar\">Papandreou, Deutsche Welle\u2019ye konu\u015ftu: \u00c7\u00f6z\u00fcmleri sadece diplomasi sa\u011flar<\/a> <strong>17.10.2022<\/strong><\/li><li><a href=\"https:\/\/balkanraporu.trakya.edu.tr\/news\/kuzey-makedonya-savunma-bakani-petrovska-dan-slovenya-ziyareti\">Kuzey Makedonya Savunma Bakan\u0131 Petrovska\u2019dan Slovenya ziyareti<\/a> <strong>17.10.2022<\/strong><\/li><li><a href=\"https:\/\/balkanraporu.trakya.edu.tr\/news\/bulgaristan-da-cebel-e-bagli-dusinkovo-koyunde-geleneksel-yaren-bayrami-yapildi\">Bulgaristan\u2019da Cebel\u2019e ba\u011fl\u0131 Du\u015finkovo k\u00f6y\u00fcnde geleneksel Yaren Bayram\u0131 yap\u0131ld\u0131<\/a> <strong>17.10.2022<\/strong><\/li><li><a href=\"https:\/\/balkanraporu.trakya.edu.tr\/news\/iskece-de-uzerinde--kur-an-i-kerim--yazili-futbol-topu-buyuk-tepki-yaratti\">\u0130ske\u00e7e\u2019de \u00fczerinde \u2018Kur\u2019an-\u0131 Kerim\u2019 yaz\u0131l\u0131 futbol topu b\u00fcy\u00fck tepki yaratt\u0131<\/a> <strong>14.10.2022<\/strong><\/li><li><a href=\"https:\/\/balkanraporu.trakya.edu.tr\/news\/turk-yunan-iliskileri--iletisim-kanallarinin-acik-kalmasi-icin-caba\">T\u00fcrk-Yunan \u0130li\u015fkileri: \u0130leti\u015fim kanallar\u0131n\u0131n a\u00e7\u0131k kalmas\u0131 i\u00e7in \u00e7aba<\/a> <strong>14.10.2022<\/strong><\/li><li><a href=\"https:\/\/balkanraporu.trakya.edu.tr\/news\/turkiye--kuzey-makedonya-ya-abd-gazi-saglamak-icin-gorusmeler-yurutuyor\">T\u00fcrkiye, Kuzey Makedonya\u2019ya ABD gaz\u0131 sa\u011flamak i\u00e7in g\u00f6r\u00fc\u015fmeler y\u00fcr\u00fct\u00fcyor<\/a> <strong>14.10.2022<\/strong><\/li><li><a href=\"https:\/\/balkanraporu.trakya.edu.tr\/news\/hill--kurti-ve-vucic-alman-fransiz-onerisini-degerlendirmeyi-kabul-etti\">Hill: Kurti ve Vu\u00e7i\u00e7 Alman-Frans\u0131z \u00f6nerisini de\u011ferlendirmeyi kabul etti<\/a> <strong>14.10.2022<\/strong><\/li><li><a href=\"https:\/\/balkanraporu.trakya.edu.tr\/news\/ab-den-kosova-nin-vize-serbestisi-umutlarina-darbe\">AB\u2019den Kosova\u2019n\u0131n vize serbestisi umutlar\u0131na darbe<\/a> <strong>14.10.2022<\/strong><\/li><\/ul>\n","protected":false},"excerpt":{"rendered":"<p>Balkanlardan haberler ba\u015fl\u0131kl\u0131 bu haftal\u0131k s\u00fcreli yay\u0131n, Trakya \u00dcniversitesi Balkan Ara\u015ft\u0131rmalar\u0131 Enstit\u00fcs\u00fc ile yap\u0131lan i\u015fbirli\u011fi \u00e7er\u00e7evesinde siz okurlar\u0131m\u0131za sunulmaktad\u0131r. Balkanlarda yer alan \u00fclkelerin bas\u0131n yay\u0131n organlar\u0131ndan takip edilecek olan bu b\u00f6l\u00fcmde ilgili \u00fclkelerin g\u00fcndemlerindeki geli\u015fmelerden T\u00fcrkiye Cumhuriyeti vatanda\u015flar\u0131n\u0131n haberdar olmas\u0131 hedeflenmektedir. Yunanistan, D\u0131\u015fi\u015fleri Bakan\u0131\u2019n\u0131n ziyaretinde Ukrayna ile dayan\u0131\u015fmay\u0131 yeniden teyit etti 19.10.2022 Osmani Escobar ile [&hellip;]<\/p>\n","protected":false},"author":1,"featured_media":364,"parent":0,"menu_order":0,"comment_status":"closed","ping_status":"closed","template":"","meta":{"footnotes":""},"class_list":["post-373","page","type-page","status-publish","has-post-thumbnail"],"_links":{"self":[{"href":"http:\/\/utamer.org\/index.php\/wp-json\/wp\/v2\/pages\/373","targetHints":{"allow":["GET"]}}],"collection":[{"href":"http:\/\/utamer.org\/index.php\/wp-json\/wp\/v2\/pages"}],"about":[{"href":"http:\/\/utamer.org\/index.php\/wp-json\/wp\/v2\/types\/page"}],"author":[{"embeddable":true,"href":"http:\/\/utamer.org\/index.php\/wp-json\/wp\/v2\/users\/1"}],"replies":[{"embeddable":true,"href":"http:\/\/utamer.org\/index.php\/wp-json\/wp\/v2\/comments?post=373"}],"version-history":[{"count":1,"href":"http:\/\/utamer.org\/index.php\/wp-json\/wp\/v2\/pages\/373\/revisions"}],"predecessor-version":[{"id":376,"href":"http:\/\/utamer.org\/index.php\/wp-json\/wp\/v2\/pages\/373\/revisions\/376"}],"wp:featuredmedia":[{"embeddable":true,"href":"http:\/\/utamer.org\/index.php\/wp-json\/wp\/v2\/media\/364"}],"wp:attachment":[{"href":"http:\/\/utamer.org\/index.php\/wp-json\/wp\/v2\/media?parent=373"}],"curies":[{"name":"wp","href":"https:\/\/api.w.org\/{rel}","templated":true}]}}